8.
2, 47, 161263
List the prime factors of 16156722.
2, 3, 2692787
What are the prime factors of 6455706?
2, 3, 19, 56629
List the prime factors of 25529134.
2, 1283, 9949
List the prime factors of 8393213.
43, 47, 4153
List the prime factors of 1683408715.
5, 336681743
List the prime factors of 148644738.
2, 3, 11, 47, 15973
What are the prime factors of 2313078787?
2313078787
List the prime factors of 790399.
47, 67, 251
What are the prime factors of 1852877446?
2, 7, 132348389
What are the prime factors of 26529118?
2, 7, 11, 31, 5557
List the prime factors of 4903242695.
5, 13, 19, 23, 172619
List the prime factors of 2892026643.
3, 11, 653, 134207
List the prime factors of 66060258.
2, 3, 11, 67, 14939
List the prime factors of 345395748.
2, 3, 28782979
What are the prime factors of 1711221378?
2, 3, 43, 293, 22637
List the prime factors of 169310778.
2, 3, 7, 13, 31, 1429
What are the prime factors of 2683670996?
2, 670917749
List the prime factors of 1866589953.
3, 17, 36599803
List the prime factors of 153650133.
3, 7, 13, 26801
List the prime factors of 1655158673.
7, 29, 8153491
List the prime factors of 319307499.
3, 7, 193, 26261
What are the prime factors of 764980417?
764980417
What are the prime factors of 276892268?
2, 69223067
What are the prime factors of 15875048?
2, 7, 197, 1439
List the prime factors of 1147974338.
2, 7, 19, 29, 148817
List the prime factors of 413057268.
2, 3, 13, 31, 71, 401
List the prime factors of 2762243334.
2, 3, 17, 571, 15809
List the prime factors of 123222661.
23, 131, 40897
List the prime factors of 35188175.
5, 11, 199, 643
What are the prime factors of 716115706?
2, 167, 677, 3167
What are the prime factors of 22806366?
2, 3, 11, 345551
What are the prime factors of 30345383?
97, 312839
What are the prime factors of 358599900?
2, 3, 5, 23, 51971
List the prime factors of 82089554.
2, 41044777
What are the prime factors of 349982624?
2, 1669, 6553
List the prime factors of 10958288.
2, 11, 19, 29, 113
What are the prime factors of 173660200?
2, 5, 7, 163, 761
List the prime factors of 92023405.
5, 1231, 14951
List the prime factors of 8501787.
3, 7, 44983
What are the prime factors of 545265631?
67, 829, 9817
List the prime factors of 580420913.
137, 683, 6203
What are the prime factors of 67500861?
3, 22500287
What are the prime factors of 290980090?
2, 5, 29098009
What are the prime factors of 458566005?
3, 5, 601, 50867
What are the prime factors of 3352836957?
3, 19, 127, 1283
List the prime factors of 142428732.
2, 3, 11869061
List the prime factors of 1558050847.
1558050847
List the prime factors of 783696468.
2, 3, 41, 1592879
List the prime factors of 3698067760.
2, 5, 5387, 8581
What are the prime factors of 79796101?
7, 11, 151, 6863
List the prime factors of 65173615.
5, 13, 317, 3163
List the prime factors of 70182686.
2, 7, 151, 33199
List the prime factors of 761904364.
2, 13, 14652007
What are the prime factors of 1127341257?
3, 7, 31, 1163, 1489
List the prime factors of 46124467.
41, 1124987
What are the prime factors of 846588589?
7, 11, 643, 17099
List the prime factors of 14345735.
5, 521, 5507
List the prime factors of 98431747.
98431747
List the prime factors of 233360678.
2, 116680339
What are the prime factors of 405449791?
405449791
What are the prime factors of 2138127480?
2, 3, 5, 1597, 3719
List the prime factors of 95234757.
3, 31744919
List the prime factors of 19545644.
2, 4886411
List the prime factors of 79893941.
197, 405553
List the prime factors of 95848679.
95848679
List the prime factors of 4073701061.
19, 214405319
What are the prime factors of 68177384?
2, 11, 37, 20939
What are the prime factors of 364175526?
2, 3, 11, 13, 419, 1013
What are the prime factors of 1073821254?
2, 3, 11, 1129, 14411
List the prime factors of 2078552195.
5, 41, 10139279
What are the prime factors of 693793516?
2, 13, 31, 430393
List the prime factors of 21576627.
3, 2397403
List the prime factors of 502660672.
2, 137, 57329
What are the prime factors of 17679491?
67, 367, 719
What are the prime factors of 920471457?
3, 257, 1193867
What are the prime factors of 3789431896?
2, 19, 4373, 5701
List the prime factors of 56045920.
2, 5, 7, 163, 307
What are the prime factors of 8726960?
2, 5, 11, 47, 211
What are the prime factors of 8077617?
3, 299171
What are the prime factors of 67304529?
3, 431, 17351
What are the prime factors of 86273431?
383, 225257
List the prime factors of 17509796.
2, 17, 257497
List the prime factors of 4908881600.
2, 5, 7, 401, 1093
What are the prime factors of 366645498?
2, 3, 61107583
What are the prime factors of 122420846?
2, 61210423
What are the prime factors of 284673207?
3, 7, 13, 1042759
What are the prime factors of 459785639?
459785639
What are the prime factors of 207993637?
207993637
List the prime factors of 77507389.
77507389
What are the prime factors of 3891949606?
2, 193, 10082771
List the prime factors of 810964478.
2, 405482239
List the prime factors of 6779569.
397, 17077
List the prime factors of 144803383.
137, 1056959
What are the prime factors of 303244775?
5, 3119, 3889
List the prime factors of 67215347.
31, 37, 58601
What are the prime factors of 3272667969?
3, 593, 1839611
List the prime factors of 1877173253.
1877173253
List the prime factors of 538079913.
3, 7, 2153, 3967
What are the prime factors of 2464485855?
3, 5, 13, 12638389
List the prime factors of 948210160.
2, 5, 337, 35171
List the prime factors of 4423120284.
2, 3, 11, 33508487
List the prime factors of 417874766.
2, 61, 79, 191, 227
List the prime factors of 278669742.
2, 3, 13, 3572689
List the prime factors of 19904879.
19904879
What are the prime factors of 21555286?
2, 17, 139, 4561
What are the prime factors of 138223647?
3, 15358183
List the prime factors of 181289208.
2, 3, 29, 41, 6353
List the prime factors of 82736123.
109, 759047
List the prime factors of 479970992.
2, 23, 439, 2971
What are the prime factors of 18043379?
179, 100801
List the prime factors of 22892812.
2, 17, 61, 5519
What are the prime factors of 143707261?
5171, 27791
What are the prime factors of 1830454649?
397, 631, 7307
What are the prime factors of 577926552?
2, 3, 7, 31, 110969
List the prime factors of 89237673.
3, 7, 37, 1823
What are the prime factors of 435936803?
435936803
List the prime factors of 3003473.
11, 273043
List the prime factors of 1034208393.
3, 107, 467, 6899
List the prime factors of 1849836299.
67, 179, 154243
What are the prime factors of 1885865634?
2, 3, 19, 23, 197, 1217
List the prime factors of 130487684.
2, 653, 49957
List the prime factors of 28250145.
3, 5, 7, 11, 31, 263
What are the prime factors of 28908542?
2, 13, 1111867
What are the prime factors of 70473042?
2, 3, 3915169
What are the prime factors of 72925186?
2, 36462593
List the prime factors of 1454596986.
2, 3, 242432831
What are the prime factors of 3583219472?
2, 7, 17, 193, 199
List the prime factors of 2721622181.
2113, 1288037
What are the prime factors of 62042644?
2, 173, 89657
List the prime factors of 277195303.
7, 11, 514277
What are the prime factors of 93818812?
2, 23454703
List the prime factors of 3004628542.
2, 1502314271
What are the prime factors of 396704223?
3, 4897583
What are the prime factors of 418845506?
2, 209422753
What are the prime factors of 2054211?
3, 131, 5227
What are the prime factors of 114130994?
2, 57065497
List the prime factors of 178200532.
2, 59, 755087
What are the prime factors of 551571198?
2, 3, 91928533
List the prime factors of 341496576.
2, 3, 19, 29, 269
List the prime factors of 849133398.
2, 3, 29, 137, 179, 199
What are the prime factors of 6451522441?
7, 13, 1361, 4007
What are the prime factors of 2479502131?
281, 8823851
What are the prime factors of 4734867?
3, 1578289
List the prime factors of 4367954919.
3, 67, 21731119
What are the prime factors of 20804509?
11, 1891319
What are the prime factors of 30642204?
2, 3, 79, 32323
What are the prime factors of 137652572?
2, 67, 293, 1753
What are the prime factors of 263529039?
3, 4457, 19709
What are the prime factors of 372117399?
3, 37, 43, 53, 1471
List the prime factors of 139700697.
3, 4003, 11633
List the prime factors of 123804468.
2, 3, 3439013
What are the prime 